the remainder when u is divided by 36.
29
Let y(l) = -l**3 - 10*l**2 + 9*l. Let z be (-42)/4 + (-5)/10. Calculate the remainder when 43 is divided by y(z).
21
Suppose 6 = -89*m + 90*m. Let o = 31 + -2. What is the remainder when o is divided by m?
5
Suppose -4 = -0*y - 2*y. Suppose 2 - 40 = -y*m. Let w(a) = -3*a + 1. Calculate the remainder when m is divided by w(-3).
9
Suppose -k - 3*i + 5*i + 23 = 0, -5*k = i - 115. Let r = k - 32. Let l = r + 19. What is the remainder when 18 is divided by l?
8
Suppose 0 = -z + 4*t + 24, t - 10 = -4*z + 1. Calculate the remainder when (88/16)/(1/2) is divided by z.
3
Suppose -4*b + 130 = b. Calculate the remainder when 49 is divided by b.
23
Let l = -28 - -36. Let k be ((-2)/(-3))/((-1)/(-3)). Suppose k*d - 14 = 16. Calculate the remainder when d is divided by l.
7
Suppose -5 = i - 1, 60 = 4*g - 3*i. Calculate the remainder when 34 is divided by g.
10
Let a = -4 + 34. Let y = a - 9. Calculate the remainder when 61 is divided by y.
19
Suppose -5 = -5*d, -2*d + 0 + 8 = -f. Let q(m) = -2*m + 8. Let g be q(f). Suppose 0*t - g = -2*t. Calculate the remainder when t is divided by 4.
2
Let b be (5/(-3))/((-2)/6). Suppose -b*y + 2*y = 0. Suppose d + 5 - 24 = y. What is the remainder when 36 is divided by d?
17
What is the remainder when 16 is divided by (3/4)/((-1)/(-8))?
4
Suppose 23 = -2*o - 5*s, -3*s + 1 - 2 = -2*o. Let u = 16 + o. Calculate the remainder when 23 is divided by u.
11
Let d(h) = -h**3 - 11*h**2 - 10*h + 4. Calculate the remainder when 23 is divided by d(-10).
3
Let u = 13 - 39. Let r = u - -40. What is the remainder when 26 is divided by r?
12
Suppose -4*v - 8 = 0, -4*l - v + 48 = 3*v. Let x(i) = -9*i - 8. Let w be x(-6). Let n = 86 - w. What is the remainder when n is divided by l?
12
Suppose 1 = -3*u - 5*n, -u - 4*n = 5 - 0. What is the remainder when u is divided by (-3)/((-21)/6 + 2)?
1
Let p = 162 - 306. Let m = -85 - p. Calculate the remainder when m is divided by 20.
19
Suppose -5*y = 5*j - 2*y, 5*y - 16 = -3*j. Let a(r) = -15*r - 2. Suppose 2*c - 106 = -5*v, c + 92 = 4*v - c. Calculate the remainder when a(j) is divided by v.
21
Suppose -4*j - d = -63, -3*j + d - 2*d = -48. What is the remainder when 16 is divided by ((-24)/(-20))/(3/j)?
4
Let w(t) = t**2 + 11*t - 11. What is the remainder when 42 is divided by w(-13)?
12
Let x(l) = 13*l**3 + 2*l - 1. Let j(d) = -7*d - 3. Calculate the remainder when j(-6) is divided by x(1).
11
Calculate the remainder when 4 - (3 - 1 - 64) is divided by 14.
10
Suppose 2*k + 2*k = 2*w + 102, 57 = 2*k - 3*w. Calculate the remainder when 117 is divided by k.
21
Let j = 6 - -1. Suppose -3*p + 29 = 4*i, p + 7 = 2*i - 0. Calculate the remainder when j is divided by i.
2
Let t = -9 + 6. What is the remainder when (-15)/(-2)*(-2)/t is divided by 2?
1
What is the remainder when (-1175)/(-20) + 2 + (-3)/4 is divided by 13?
8
Let x be (-48)/(-9) + 6/9. Suppose -4*t = -t + x. What is the remainder when 44 is divided by 2/((-6)/(-39)) - t?
14
Let i = -10 + 21. What is the remainder when -48*(2/6 + -1) is divided by i?
10
Let g(o) = o**3 - 18*o**2 - 21*o + 47. What is the remainder when 59 is divided by g(19)?
5
Let a(k) = -3*k - 3 + 1 - 5*k**2 + 7*k**2. What is the remainder when a(4) is divided by 10?
8
Let b = 134 - 90. What is the remainder when b is divided by 12?
8
Let u(a) = -3*a + 1. Let p be u(2). Calculate the remainder when 9 is divided by (p/(-3))/((-2)/(-6)).
4
Let x = -15 + 28. Let i = -14 - -29. Calculate the remainder when (72/i)/((-2)/(-10)) is divided by x.
11
Let u(o) = o**3 + 3*o**2 - 3*o + 1. Calculate the remainder when 31 is divided by u(-3).
1
Let r be 2/3*6/(-2). Let d = 5 + r. Calculate the remainder when 7 is divided by d.
1
Let n(i) = i**3 - 6*i**2 - 3*i - 21. What is the remainder when n(9) is divided by 33?
30
Suppose -5*x - 105 = -8*x. What is the remainder when x is divided by 12/((2 + -3)/(-1))?
11
Suppose 0 = -2*p - 3*p + 390. Suppose -2*r = -4*r + 4*i + 24, p = 4*r + 2*i. What is the remainder when r is divided by 5?
3
Suppose -5*s + x = -4*x - 125, 0 = 2*s - 4*x - 44. Let w(g) = -g + 21. Calculate the remainder when s is divided by w(11).
8
Let x = -2 + 9. What is the remainder when 15 + 0 - (2 + 0) is divided by x?
6
Let t be ((-6)/(-3) - 0)*10. Suppose -2*p + 4*p - t = 0. Let q = p + 3. Calculate the remainder when 24 is divided by q.
11
Let k = 7 - 4. Suppose -k*t = -6*t + 123. Calculate the remainder when t is divided by 14.
13
Let d = 54 - 18. Suppose 9*q = 13*q - d. Calculate the remainder when 17 is divided by q.
8
Let p = 15 - -53. Calculate the remainder when p is divided by 14.
12
Suppose -3*x + 82 = -218. Suppose 0 = -4*d + 32 + x. Calculate the remainder when d is divided by 12.
9
Let x(g) = -36*g + 43*g + 3*g**2 - 3 - 4*g**2. What is the remainder when 11 is divided by x(6)?
2
Let g(u) = u**3 - 64. Let s be g(0). Let v be 45/(-1) + 1 + -1. Let f = v - s. What is the remainder when f is divided by 10?
9
Suppose 3*s + 8 = 5*s. Suppose s*t = -0*t + 8. Suppose -4*z = -t*z - 30. What is the remainder when 44 is divided by z?
14
Let z = 42 - 25. Let u = 23 - 13. Calculate the remainder when z is divided by u.
7
Let f(b) = 11*b. Let n be f(5). Suppose o = -4*o + n. Suppose 163 = 4*d + 39. Calculate the remainder when d is divided by o.
9
Suppose 4*d - 3*b - 26 = 34, -2*b + 30 = 2*d. What is the remainder when d is divided by 4?
3
Let d(z) = 6*z - 2. Let b be d(-5). Suppose 4*a + 38 = 162. Calculate the remainder when a is divided by (0 - -3) + b/(-4).
9
Let i(m) = m**2 - 12*m - 4. Let o be i(12). Let h(l) = l**3 + 7*l**2 - 4*l. Calculate the remainder when h(o) is divided by 22.
20
Suppose 44 = 2*x - 0. Let h = -85 - -149. What is the remainder when h is divided by x?
20
Suppose -5*p + 8*p - 246 = 0. Calculate the remainder when p is divided by 17.
14
What is the remainder when 4/10 - (-53)/5 is divided by 7?
4
Let v(m) = 5*m + 7. Calculate the remainder when 133 is divided by v(4).
25
Let k = 24 + 11. Suppose 47*p - 72 = 41*p. Calculate the remainder when k is divided by p.
11
Suppose -3*b + 6*b + 232 = 4*a, 3*a = -5*b + 174. Calculate the remainder when a is divided by 12.
10
Let k be 4/6 - (-66)/9. Suppose 0 = 3*i + i - k. Suppose 4*p = n + 3*n + 16, 0 = p + 4*n - 4. What is the remainder when p is divided by i?
0
Suppose 0 = 2*c + c + 5*w - 9, -5*c = 2*w - 15. Calculate the remainder when c*4*1 + 1 is divided by 7.
6
Let f = 18 + -9. Let n = 14 - f. Suppose 0 = -i - n*q - 15, 2*i + 0*q = -4*q. What is the remainder when i is divided by 4?
2
Let n = 0 + 4. Calculate the remainder when (-16)/(-6)*18/n is divided by 7.
5
Calculate the remainder when 3/(-15) + (-228)/(-15) is divided by 8.
7
Let p(g) = 64*g**3 - g**2 + 2*g - 2. What is the remainder when p(1) is divided by 17?
12
What is the remainder when 59 is divided by 3 + -4 + 2 + 19?
19
Let v(j) = j**2 - 7*j. Let p be v(7). Calculate the remainder when 20*(28/10 - p) is divided by 19.
18
Suppose 6 = 2*v - 3*d + d, 5*v + 2*d + 13 = 0. Let r = 3 + v. What is the remainder when r is divided by 2?
0
Suppose -2*o = -0*o + 34. Let z = -6 - o. Calculate the remainder when z is divided by 6.
5
Suppose -7*b + 96 + 163 = 0. What is the remainder when 109 is divided by b?
35
Let q be (-2 - -3)/((-2)/4). Let s(y) = -8*y**3 - 2*y**2 - y. What is the remainder when s(q) is divided by 20?
18
Suppose -4*v - 2*a = 3*a - 383, 3*v + a = 301. Calculate the remainder when v is divided by 21.
18
Suppose -c - 148 = -q + 2*c, 3*q - 433 = -2*c. What is the remainder when q is divided by 37?
34
Let h(r) = -9*r + 1. Calculate the remainder when h(-3) is divided by 10.
8
Let l(p) = -p + 36. What is the remainder when 22 is divided by l(27)?
4
Let f(d) = -d**2 - 9*d + 1. What is the remainder when f(-3) is divided by 5?
4
Let w(h) = -h**2 + 11*h - 10. Let s be w(10). Let r = 11 - s. Calculate the remainder when r is divided by 4.
3
Suppose 58 = 3*d + 28. Calculate the remainder when 28 is divided by d.
8
Let r be (-4)/(-10) - (-2)/(-5). Let p be (r - 2/2)*35. What is the remainder when (-10)/p + (-514)/(-14) is divided by 19?
18
Let k(s) = 3*s - 3. Let h be (-2 - 8)*(-9)/15. What is the remainder when 44 is divided by k(h)?
14
Suppose -5*c - 4*x = -0*c + 5, 0 = 2*c + 3*x + 9. What is the remaind